= -18702*v - 187021. Give r(-10).
-1
Let h(q) = -28*q**3 + 226*q**2 + 3*q - 40. What is h(8)?
112
Let x(y) = 3*y**3 + 18*y**2 + 3*y - 17. Give x(-5).
43
Let l(m) = 3*m**2 - 417*m - 2951. Give l(146).
115
Let s(u) = -u**2 - 16*u + 92. Calculate s(5).
-13
Let f(m) = 9*m**2 - 86*m + 230. What is f(5)?
25
Let q(o) = -6*o**2 - 171*o - 2. Calculate q(-27).
241
Let o(m) = -2*m**3 + 19*m**2 + 4*m + 52. Calculate o(10).
-8
Let r(h) = h**3 + 42*h**2 + 7*h - 1396. Give r(-41).
-2
Let s(m) = 323*m - 6463. Give s(20).
-3
Let k(o) = -30*o - 1646. Determine k(-53).
-56
Let g(v) = 12*v**2 - 69*v + 11. Give g(6).
29
Let v(a) = -a**3 + 26*a**2 - 24*a - 8. Determine v(25).
17
Let a(t) = 55*t - 578. What is a(19)?
467
Let v(f) = -f**2 - 9*f + 3630. Calculate v(-65).
-10
Let n(w) = -33*w**2 + 1521*w - 87. Give n(46).
51
Let f(t) = -t**3 + 18*t**2 - 67*t - 51. What is f(6)?
-21
Let o(b) = -3*b**2 + 6*b + 65. Determine o(6).
-7
Let y(l) = -703*l + 7720. What is y(11)?
-13
Let r(t) = -6*t**2 - 76*t - 234. What is r(-7)?
4
Let y(t) = 2*t**3 - 11*t**2 + 9*t - 390. Calculate y(8).
2
Let n(k) = -348*k + 5216. Give n(15).
-4
Let z(l) = 15*l + 1109. Give z(-75).
-16
Let f(g) = g**2 + 62*g + 919. Give f(-38).
7
Let n(w) = -146*w - 1548. What is n(-11)?
58
Let p(r) = r**3 - 7*r**2 - 58*r + 3. Calculate p(12).
27
Let n(v) = -7*v**2 + 17*v - 18. What is n(7)?
-242
Let u(z) = -4*z**2 + 11*z + 14. What is u(-2)?
-24
Let q(l) = -82*l - 811. What is q(-10)?
9
Let p(k) = -k**2 + 71*k - 1099. Give p(23).
5
Let q(m) = m**3 + 31*m**2 - 382*m + 205. What is q(9)?
7
Let i(u) = 8*u + 7. What is i(2)?
23
Let s(k) = k**2 + 32*k - 299. Give s(-34).
-231
Let d(x) = -208*x**2 - 2289*x - 16. Give d(-11).
-5
Let n(c) = 6*c**3 - c**2 - 7*c - 2. Calculate n(0).
-2
Let u(n) = 1939*n - 25223. Calculate u(13).
-16
Let c(j) = j**3 + 37*j**2 - 261*j + 19. Determine c(6).
1
Let c(h) = -215*h + 4093. Determine c(19).
8
Let k(z) = 2*z**2 + 14*z - 73. Determine k(-14).
123
Let s(z) = 17*z - 244. Calculate s(9).
-91
Let m(x) = -40*x + 1750. What is m(41)?
110
Let l(r) = -r**3 - 25*r**2 + 89*r + 152. Determine l(-28).
12
Let h(x) = -6*x**3 - 316*x**2 + 105*x - 58. Determine h(-53).
-5
Let r(f) = 6*f**2 + 59*f - 538. Calculate r(9).
479
Let p(f) = -137*f + 3630. Calculate p(26).
68
Let c(x) = -x**2 - 544*x + 5499. What is c(10)?
-41
Let a(p) = 234*p + 2343. Give a(-10).
3
Let r(q) = q**3 + 110*q**2 + 1866*q - 279. Calculate r(-89).
-12
Let h(p) = p**3 + 3*p**2 - 24*p + 12. Give h(5).
92
Let w(b) = 6*b - 85. Calculate w(45).
185
Let q(m) = -9*m - 206. What is q(-23)?
1
Let j(f) = -2*f**2 + 342*f - 7112. Give j(24).
-56
Let c(s) = -7305*s - 7329. Give c(-1).
-24
Let q(s) = -2*s - 1. Determine q(-43).
85
Let j(h) = -h**3 + 6*h**2 + 533*h - 3661. What is j(7)?
21
Let h(t) = -152*t - 888. Give h(-6).
24
Let i(l) = 3157*l - 6307. Calculate i(2).
7
Let u(f) = -f**2 - 15*f - 10. Determine u(-18).
-64
Let z(f) = -f**2 - 108*f + 1577. Calculate z(13).
4
Let m(h) = 57*h + 54. Give m(-1).
-3
Let y(c) = c**2 + 99*c + 1641. Calculate y(-78).
3
Let m(q) = -3*q**2 + 37*q + 173. Determine m(17).
-65
Let i(r) = r**2 - 2*r + 6. Calculate i(-3).
21
Let h(g) = -14*g**2 + 84*g + 26. What is h(6)?
26
Let c(b) = b**3 - 12*b**2 + 25*b + 59. Give c(7).
-11
Let c(y) = 214*y - 1780. What is c(9)?
146
Let u(q) = -2616*q + 31396. Give u(12).
4
Let m(a) = -17*a + 194. Calculate m(11).
7
Let s(q) = q**2 + 5*q + 160. Determine s(-30).
910
Let o(a) = -3*a**3 - 57*a**2 + 9*a + 170. Calculate o(-19).
-1
Let h(q) = 43*q**3 - 4*q**2 - 11*q - 9. What is h(-1)?
-45
Let w(t) = -4*t**3 + 9*t**2 + 12*t - 28. Give w(5).
-243
Let l(g) = -g**3 - 13*g**2 - 7*g + 13. Give l(-12).
-47
Let p(g) = -23*g + 943. What is p(39)?
46
Let k(x) = 195*x**2 + 18*x + 7. Give k(-1).
184
Let x(b) = 5*b**2 + 128*b + 820. Calculate x(-13).
1
Let a(d) = -2*d**2 - 232*d - 678. Give a(-3).
0
Let t(h) = 3*h**3 + 25*h**2 - 199*h - 1647. Calculate t(-8).
9
Let q(x) = -2*x**3 + 254*x**2 - 272*x + 2528. Give q(126).
8
Let p(v) = 3*v**2 + 142*v + 325. Calculate p(-45).
10
Let c(h) = -h**2 - 63*h + 190. Calculate c(-65).
60
Let y(k) = k**2 - 223*k + 1917. Calculate y(9).
-9
Let a(n) = -3*n + 149. Give a(30).
59
Let s(a) = 215*a - 1284. Calculate s(6).
6
Let w(s) = 2*s**2 - 319*s - 6378. What is w(-18)?
12
Let m(c) = 7*c - 1. What is m(0)?
-1
Let a(m) = 123*m - 7879. Calculate a(64).
-7
Let l(x) = -x**3 - 5*x**2 + 63*x - 18. Determine l(6).
-36
Let j(y) = 24*y - 59. Calculate j(5).
61
Let b(w) = w**3 - 16*w**2 - 60*w + 715. Determine b(17).
-16
Let z(a) = -3*a**3 - 14*a**2 + 25*a + 99. What is z(-5)?
-1
Let f(w) = -4*w**2 - 96*w - 57. Calculate f(-23).
35
Let c(p) = -13*p**2 - 1333*p - 713. What is c(-102)?
1
Let a(n) = -21*n + 1128. Calculate a(-3).
1191
Let x(h) = -3830*h - 260447. What is x(-68)?
-7
Let i(k) = k**3 + 38*k**2 + 72*k - 83. Determine i(-36).
-83
Let t(p) = p**2 + 5846*p - 29252. Give t(5).
3
Let z(n) = 3*n + 275. Determine z(-66).
77
Let w(m) = -5*m**2 + 338*m + 4489. Give w(79).
-14
Let y(g) = -2*g**2 + 27*g - 94. Calculate y(7).
-3
Let u(z) = z**3 + 74*z**2 - 222*z + 672. Give u(-77).
-21
Let m(n) = 2*n**3 + 4*n**2 - 3*n - 94. What is m(0)?
-94
Let c(x) = -8*x - 2. Determine c(3).
-26
Let z(v) = -14*v + 31. Give z(-11).
185
Let u(y) = -2*y**3 + 22*y**2 + 55*y - 26. What is u(13)?
13
Let c(r) = -31*r + 1116. Determine c(36).
0
Let v(f) = -5*f - 26. Determine v(10).
-76
Let v(d) = d**3 + 7*d**2 - 4*d + 11. Determine v(-7).
39
Let o(n) = -n**3 - 21*n - 31. Give o(0).
-31
Let b(s) = -5*s**3 + 4*s**2 + 12*s + 2. Calculate b(-4).
338
Let i(m) = -5*m**2 - 14*m + 178. Give i(-10).
-182
Let h(v) = -2*v**3 + 16*v**2 - 550*v + 5104. Give h(9).
-8
Let a(m) = -m**2 - 123*m + 1153. Give a(9).
-35
Let d(f) = 25*f - 110. Calculate d(13).
215
Let g(m) = -18*m - 30. Calculate g(4).
-102
Let p(c) = 3*c**3 - 108*c**2 + 204*c - 21. What is p(34)?
-21
Let l(j) = 2*j**2 - 29*j + 10. Give l(8).
-94
Let j(r) = -r**3 + 9*r**2 - 27*r + 113. Determine j(6).
59
Let c(d) = 9*d - 21. Calculate c(-6).
-75
Let l(n) = -n**3 - 8*n**2 + 46*n + 149. Give l(-11).
6
Let v(t) = -t**3 - 2*t**2 - 21*t - 109. Calculate v(-4).
7
Let o(w) = w**3 - 7*w**2 - 5539*w - 69. Determine o(-71).
2
Let y(k) = -13*k - 164. What is y(-13)?
5
Let b(m) = 89*m + 3398. Give b(-38).
16
Let o(l) = 2*l**3 - 28*l**2 - 874*l + 12232. Calculate o(14).
-4
Let o(w) = -2*w**2 - 60*w + 13653. Give o(69).
-9
Let o(r) = -41*r**3 + 7*r + 9. Determine o(-2).
323
Let u(i) = i**3 - 4*i**2 - 55*i - 58. What is u(10)?
-8
Let f(y) = 74*y - 1447. Give f(19).
-41
Let k(m) = -13*m - 115. Give k(-10).
15
Let y(r) = -2*r**2 - 384*r + 12316. Give y(28).
-4
Let l(p) = 103*p + 190. Determine l(-6).
-428
Let a(m) = m**3 + 9*m**2 + 17*m + 41. Determine a(-10).
-229
Let f(w) = 26*w + 166. Give f(-6).
10
Let v(m) = 280*m - 1383. Determine v(5).
17
Let w(u) = u**2 - 93*u + 1954. Give w(38).
-136
Let u(i) = -i**2 + 58*i - 287. Give u(46).
265
Let c(m) = -m**3 - 33*m**2 - 135*m + 43. Give c(-28).
-97
Let i(h) = -h**3 - 99*h**2 + 2241*h - 116. Determine i(-118).
2
Let a(z) = -2*z**3 - 85*z**2 - 194*z + 247. What is a(-40)?
7
Let d(t) = 2*t**3 + 58*t**2 + 15. Calculate d(-29).
15
Let g(a) = -2*a**3 + 15*a**2 + 29*a - 132. Calculate g(7).
120
Let d(j) = 58*j - 376. What is d(6)?
-28
Let f(a) = -9*a - 146. What is f(-3)?
-119
Let m(l) = -31*l + 1863. Give m(60).
3
Let f(b) = -48*b**2 - 19*b - 10. Determine f(2).
-240
Let d(m) = -5*m**2 - 298*m + 417. Give d(-61).
-10
Let x(j) = 41*j - 199. What is x(5)?
6
Let k(w) = w**3 + 16*w**2 + 2*w - 34. Determine k(-3).
77
Let g(l) = 6*l**2 + 9*l + 14. Calculate g(-2).
20
Let w(y) = 11*y + 135. Determine w(-10).
25
Let w(z) = -2*z**2 - 137*z - 2298. Give w(-31).
27
Let j(q) = -4191*q - 79622. What is j(-19)?
7
Let c(n) = 16*n + 23. Give c(0).
23
Let l(r) = 3*r**3 + 47*r**2 - 1161*r - 29. Give l(-29).
0
Let h(s) = 3*s**2 + 107*s + 260. Determine h(-35).
190
Let u(a) = 4*a**2 + 1597*a - 3200. Give u(2).
10
Let s(o) = -200*o**2 + 105*o - 1. What is s(2)?
-591
Let v(s) = -s**3 + 26*s**2 + 22*s - 155. Determine v(27).
-290
Let t(d) = d**3 + 43*d**2 - 306*d - 3172. Determine t(-48).
-4
Let h(y) = 888*y + 6135. Calculate h(-7).
-81
Let m(q) = 15*q**2 + 11. Calculate m(0).
11
Let m(n) = 3*n**2 - 8*n - 283. Give m(-15).
512
Le